hat is the thousands digit of 1527/(-4 + 3 + 2)?
1
Suppose 0*f = 2*f - 4*x - 796, -3*x = -3*f + 1182. Suppose -b = -2*v + 197, -2*b + 0*b = 4*v - f. What is the units digit of v?
8
Suppose -2*d - 3*t + 52 + 1457 = 0, 3*d - 5*t - 2254 = 0. What is the tens digit of d?
5
Let o(f) be the second derivative of f**5/60 + f**3/6 + 2*f**2 - 7*f. Let v(x) be the first derivative of o(x). What is the units digit of v(3)?
0
Let i = -18 + 10. Let z be -2*(-4)/i*-2. Suppose z*u = -16 + 48. What is the tens digit of u?
1
Let a(s) = -9*s + 1. Let q be a(1). Let m be (84/(-16) - -3)*q. Suppose -3*t + 3*h + m = -0*t, 10 = 5*t + 5*h. What is the units digit of t?
4
What is the units digit of (897/26)/23*(-184)/(-6)?
6
Let t = -13 + 23. Let z(k) = -19 + 12 - t - 6*k. What is the tens digit of z(-9)?
3
Let f(n) = 4*n**2 - 3*n. Let d be f(2). Let h be 5*(-2 - (-14)/d). What is the tens digit of (-219)/(-9) + (-2)/h?
2
Let g = -3612 + 6935. What is the hundreds digit of g?
3
Suppose 10*a - 1141 = 2889. What is the units digit of a?
3
Suppose -175 = 12*y - 7*y. Let j = -31 - y. Suppose 74 = j*m - 106. What is the units digit of m?
5
Suppose 18 = -5*w + 3, 48 = -4*k - 4*w. What is the units digit of 6/k*(1 + -175)?
6
Let w = 25 - 16. Suppose 2*x - 4 = 0, 2*b = 4*b + 4*x - 14. Suppose -b = 3*n - w. What is the units digit of n?
2
Suppose -5*p = 5*i + 285, -p + i - 25 = 24. Suppose -116 = 11*v - 10*v + b, 3*b = 4*v + 471. Let t = p - v. What is the units digit of t?
4
Let i be 0 - (-1 - (1 - -1)). Suppose 0 = -5*w + 3*o - 2*o + 163, 0 = -3*w + i*o + 93. Let r = w + -22. What is the units digit of r?
1
Let s(w) = 141*w - 54. What is the tens digit of s(5)?
5
Suppose 0 = -9*o + 4*o - 15. Let r(l) = -l**2 + 7*l + 10. Let m(h) = -2*h**2 + 15*h + 21. Let j(p) = 4*m(p) - 9*r(p). What is the units digit of j(o)?
2
Let r be (-2)/(-4)*(3 - 45). What is the tens digit of (r - 6)*(2 - (2 - -1))?
2
Let j = 262 - 167. What is the hundreds digit of 824/10*j/38?
2
Let h = -256 - -984. What is the hundreds digit of h?
7
Let x = -1165 - -1713. What is the units digit of x?
8
Let n = -20 - -23. Suppose n*b = 199 + 5. What is the tens digit of b?
6
Suppose 5*n + 26 + 559 = 0. What is the hundreds digit of 4/(-26) - 17451/n?
1
Let d(z) = -5*z + 2. Let w be d(-1). Suppose 4*a = 16, -5*g + 0*a + w = -2*a. Suppose -b = 5*r - 57, -5*b + 193 = -g*r + 5*r. What is the tens digit of b?
3
Suppose 4*c = -u + 2*c + 3, -4*c = 5*u - 33. Suppose -4*i - 70 = -u*i. What is the tens digit of i?
1
Let k be (6/(-4))/((-1)/4). Suppose -17*v + 20*v - 60 = 0. Suppose -k*z + 5*z = -v. What is the units digit of z?
0
Let v(f) = -327*f - 269. What is the thousands digit of v(-7)?
2
Let c(x) = x**3 + 25*x**2 + 45*x + 61. What is the tens digit of c(-23)?
8
Let w(c) = -3*c**3 + 2*c**2 + c. Let b = -35 + 33. What is the tens digit of w(b)?
3
Let m(c) = c**3 - 29*c**2 + 28*c + 5. Let y be m(28). Suppose 2*h = y*h - 3*z - 225, 5*h = -5*z + 355. What is the units digit of h?
3
Suppose -6*w + 8740 = 2170. What is the hundreds digit of w?
0
Let y be 5/1 + 0/4. Let g be (4 - 22/y)*40. Let n = 14 - g. What is the units digit of n?
0
Suppose m - 2 = 3*m. What is the units digit of ((-91)/m - 3) + -4?
4
Suppose 0 = 4*q + 4, 4*q + 985 = 2*u - 413. What is the hundreds digit of u?
6
Let t(k) = -16*k + 17. Let x(s) = s. Let z(g) = t(g) + 5*x(g). Let c be z(10). What is the tens digit of c*(-10)/15 + 0?
6
Let q = 483 + -269. Let w = -42 + q. What is the units digit of w?
2
Suppose 51*d - 225874 = -11827. What is the thousands digit of d?
4
Suppose j = 4*y + 16, y = -3*j + 4*j - 10. Suppose 15*v - j = 17*v. Let p = 17 + v. What is the units digit of p?
3
Let u(b) = 2*b**2 - 44*b + 98. What is the tens digit of u(53)?
8
Let o be (1 - 0/(-2))*7. Let k = o - 8. What is the units digit of (49/(-14))/(k/6)?
1
Suppose -9 = 3*s - 27. Suppose n - 6*n = -190. Suppose n = 2*l + s. What is the tens digit of l?
1
Suppose -13*k = -3*k - 120. What is the tens digit of (1 - (-327)/21) + k/(-21)?
1
Let k(l) = -l**2 - 24*l - 30. Let z = -53 - -32. What is the tens digit of k(z)?
3
Let t be (3/2)/((-3)/234). Let j be (56/(-12))/(6/t). Suppose -2*y + j - 37 = 0. What is the tens digit of y?
2
Let j(h) = -h**2 - h**3 + h + 54 + 0*h**3 - 62. What is the hundreds digit of j(-6)?
1
Let f = 853 + -78. What is the tens digit of f?
7
Let s be 3*(1 + 9)*2. Suppose 2*d - s = z + 4*d, -268 = 5*z + 2*d. Let h = 93 + z. What is the units digit of h?
1
Suppose 5*c - 6*c - 5*l - 52 = 0, 2*c + l + 77 = 0. Let f = 153 + c. What is the units digit of f?
6
Suppose -12 = 3*g - 0*g. What is the units digit of ((-424)/(-4))/(g + 6)?
3
Let l(d) = -d**3 + 2*d**2 + 2*d - 2. Let x be l(2). Suppose 288 = x*g + 74. What is the units digit of g?
7
Suppose -3*x + x - 5*h - 11 = 0, -4*h - 19 = 5*x. Let b be (-18)/(-15)*10/x. What is the tens digit of 24/(-9)*51/b?
3
Let k be (-275)/(-30) + 1/(-6). Suppose -k*x + 12*x = 156. What is the units digit of x?
2
Suppose 5*a - 1573 = -4*w + 2*w, -5*w - 2*a + 3985 = 0. What is the units digit of w?
9
Suppose -5*x + 2*x - 1 = 2*i, x = -4*i + 13. Suppose 0 = 5*p + 23 - 78. Suppose p - 195 = -i*o. What is the tens digit of o?
4
Suppose i + 32 = -5*k + 109, -4*i = -3*k - 308. Let c = 140 - i. What is the tens digit of c?
6
Suppose -3*x + 2*f = -11 - 10, x = -5*f - 10. Suppose -5*c - 3*d + 325 = 2*d, 189 = 3*c + x*d. What is the units digit of c?
8
Let p(u) = -u**2. Let x = 5 - 3. Let y be p(x). Let g(f) = f**3 + 5*f**2 - 3*f. What is the tens digit of g(y)?
2
Let d(v) = 3*v - 3. Let x be d(2). Suppose 6 - 15 = -x*l. Suppose 0 = t + l*t - 104. What is the tens digit of t?
2
Let o(z) = -3*z + 13. Let u be o(3). Suppose -2*x - 70 = -u*d, -3*d + 0*d + 33 = 5*x. What is the units digit of d?
6
Suppose -7 = -5*m + 4*j, -j - 1 = 3*m - 4*m. Suppose 2*b + m*x - 36 = b, b = 4*x + 8. Suppose -b = -3*f + 51. What is the tens digit of f?
2
Let m = 707 - 377. What is the units digit of m?
0
Let w(j) = 2*j**2 + 7*j - 6. Let f be w(-6). What is the tens digit of 2 + f*(-5 + 8)?
7
Let b(k) = -k**3 + 14*k**2 + 4*k - 14. What is the tens digit of b(6)?
9
Let n = 13 - -43. Suppose d = 110 + n. What is the tens digit of d?
6
What is the hundreds digit of 846/4 - 7/(-42)*3?
2
Let f be ((-66)/(-8))/((-3)/8). What is the tens digit of (4 + 0 + 0)/(f/(-121))?
2
Let c be (-276)/(-8) - (-2)/(-4). Let i = c - -7. What is the tens digit of i?
4
Suppose 4*j + 17 = 5*g, -4*g + 9*g - 27 = -j. Suppose 5*f - 426 = -j*s, 162 = 2*f + s - 3*s. What is the tens digit of f?
8
Let l(f) = 2*f**3 + f**2 + 239. What is the units digit of l(0)?
9
Let y = 33 + -38. Let b(f) = f**2 + 5*f + 4. Let t be b(y). What is the tens digit of (-5)/10*t + 37?
3
What is the units digit of 6 - (18 + -5)*-33?
5
Suppose 0*j = 6*j - 12. Let k be (2 + j)*(-33)/(-1). Suppose 10*b + k = 14*b. What is the units digit of b?
3
Let u(d) = 43*d - 1. Let z(y) = y. Let w(l) = u(l) + 2*z(l). What is the units digit of w(2)?
9
Let a be (-1)/3 + 150/(-9). Let f = a - -24. What is the units digit of f?
7
Let d be (-2)/4*(-5 + 1). Suppose d*m - 5 = -3*m. Suppose m - 5 = -2*v. What is the units digit of v?
2
Suppose 2*v + 5*g - 8179 = 0, -5*v - 2*g + 19628 = -872. What is the hundreds digit of v?
1
Let v = 83 + -75. What is the units digit of -2*(-364)/v + 0?
1
Let s = 2759 - 271. What is the thousands digit of s?
2
Suppose -5*x - x = 120. Let n = x + 40. What is the units digit of n?
0
Let v = -2922 - -5271. What is the tens digit of v?
4
Let k(u) = 228*u**2 - 7*u + 3. What is the units digit of k(1)?
4
Suppose 7*r = -12*r + 17081. What is the tens digit of r?
9
Let a be (-426)/8*12/(-9). Let y = a + -33. What is the units digit of y?
8
Let w(g) = 28*g**2 - 1. Let d be 5 - (0 - 1 - -5). What is the tens digit of w(d)?
2
Let t be (-32)/(-176) + (-400)/22. Let v(n) = n + 36. What is the units digit of v(t)?
8
Suppose 2*d + 3*d = 2*z + 10, -4*d = -2*z - 6. Suppose 0 = 3*y - 49 - 5. What is the tens digit of (98/21)/(d/y)?
2
Let n be ((-4)/(-10))/((-5)/50). What is the units digit of (17 - -143) + 2*6/n?
7
Let s = 599 + -850. What is the tens digit of (-12)/16 - (-2)/(-8)*s?
6
Let v(q) = -q**3 - 2*q**2 - 22*q - 165. What is the units digit of v(-6)?
1
Suppose 3123 = 7*c + 435. What is the units digit of c?
4
Let t